23 + 3/((-9)/(-6)) is divided by t?
4
Suppose -4*m - 2*q + 30 + 42 = 0, 0 = 2*q. Calculate the remainder when m is divided by 12.
6
Suppose 3*u + 33 = -4*c, -5*u - 2 = 13. Calculate the remainder when 67 is divided by ((-4)/c)/((-2)/(-69)).
21
Let g = -81 - -87. Calculate the remainder when g is divided by (-1 + (-1 - -1))*-2.
0
Let l(o) = -o**2 - 8*o + 2. What is the remainder when (3 - 9/6)*22 is divided by l(-7)?
6
Suppose 27 = 3*t - 0*t. Let q(y) = -y**3 - 5*y**2 - 4*y + 5. Let p(d) = -4*d**2 + 2*d + 1. Let b be p(-1). What is the remainder when q(b) is divided by t?
7
Let x(s) = s**3 + 6*s**2 + 5*s - 3. Calculate the remainder when 42 is divided by x(-4).
6
Let n be (3/6)/(1/10). Suppose 5*x = -n*f - 245, 4*f + 0*f = 4*x - 212. Let u = -10 - f. What is the remainder when u is divided by 14?
13
Suppose -23*f + 24*f = 16. What is the remainder when f is divided by 11?
5
Let z(x) = -x**2 - 6*x. Let q be z(-3). Calculate the remainder when 24 is divided by ((-78)/q)/((-2)/3).
11
Let a = -11 + 20. Let o(p) = 2*p. Calculate the remainder when 35 is divided by o(a).
17
Let w(j) = -6*j - 9. Let p = 2 - 7. Suppose -2*r = 3*s - 12, 7*s - 40 = -5*r + 2*s. What is the remainder when w(p) is divided by r?
9
What is the remainder when 30 is divided by (-36)/(-162) - ((-248)/18 - 2)?
14
Let a(k) = -2*k**2 + 0*k - 5 + 4 + 7*k**3 + 0 + 2*k. What is the remainder when 17 is divided by a(1)?
5
Let d(t) = t**3 + 2*t**2 + 4*t - 2. Let a be d(3). Suppose 6*u = 2*u + 5*c + 199, -a = -u + 3*c. Calculate the remainder when u is divided by 12.
10
Let g(w) = -16*w - 2. Let a be g(-2). Let r(l) = 8*l + 2. What is the remainder when r(2) is divided by (-12)/9*a/(-4)?
8
Let d(b) = b**2 - b + 7. Let f = -16 - -23. Calculate the remainder when d(f) is divided by 17.
15
Let r = -24 - -27. Suppose 2*l - r - 31 = 0. Calculate the remainder when l is divided by 10.
7
What is the remainder when 46 is divided by -10*(-2 - 1) + -5?
21
Suppose -4*o = 2*v - 28, 0 = 3*v + 4*o + 11 - 43. Suppose v*t - 162 = -2*y, -4*y + t - 7 = -349. What is the remainder when y is divided by 22?
19
Calculate the remainder when 38 is divided by (4/(-10))/((-5)/125).
8
Let d(o) = o**3 + 3*o**2 - 4*o + 3. Let z be d(-4). Suppose -z*r - 4*s = -0*s - 29, -3*r + 5*s = 16. Calculate the remainder when 8 is divided by r.
2
Let m be -3 - (-3)/9*-3. Calculate the remainder when 17 is divided by (-2)/m*4 - -4.
5
Let o(t) = 4*t + 1. What is the remainder when o(8) is divided by 6 + (33/(-55))/((-2)/10)?
6
Suppose 2*g = 3*g - 104. Suppose 0 = 3*b - 5*r - 175, 2*r - 125 = -2*b + 7*r. What is the remainder when b is divided by 1*g/(0 - -4)?
24
Suppose 0 = -5*k + 92 + 38. What is the remainder when k is divided by 14?
12
Suppose 2*l - 42 = 4. Suppose 4*q - 4*b - 28 = 0, -2 = -b + 3. What is the remainder when l is divided by q?
11
Let f be (8/6)/(1/3). Calculate the remainder when (-1368)/(-22) + f/(-22) is divided by 16.
14
Let w(m) = -5*m**3 - 9*m**2 + m + 1. Let f(i) = -3*i**3 - 5*i**2 + i + 1. Let j(u) = 7*f(u) - 4*w(u). What is the remainder when j(-2) is divided by 5?
4
Let y = -3 - -5. What is the remainder when ((-976)/40)/(y/(-5)) is divided by 16?
13
Suppose -4*u + 29 = -271. Calculate the remainder when u is divided by 19.
18
Let w = -27 - -61. What is the remainder when 100 is divided by w?
32
Let q(o) = o**2 - o - 4. Let l(f) = 25*f - 4. Let m be l(2). Suppose -5*n - 4*u + m = 0, n - 14 = -2*u - 0. Calculate the remainder when q(5) is divided by n.
4
Let f = 8 + -5. Suppose -f*m - z + 0*z = -67, -5*z + 5 = 0. What is the remainder when m is divided by 12?
10
What is the remainder when 49 is divided by (-696)/(-27) + (-6)/135*-5?
23
Calculate the remainder when 4 is divided by 6/(((-45)/(-10))/(-1 - -4)).
0
Let a = 14 + 16. Suppose 4*s - s = a. What is the remainder when s is divided by 3?
1
Let d be (-8)/(-2*(-3)/(-6)). Suppose 5*b - 22 = -7. What is the remainder when b is divided by (d/(-10))/(12/(-30))?
1
Suppose -5*t - 6*r + 4*r = 9, 3*r = -5*t - 11. Let n = -1 + t. Calculate the remainder when n/(-4)*2*29 is divided by 10.
9
Let b be ((-3)/(-6) - -3)*4. Suppose -5*y + 0*v - 4*v - 10 = 0, 3*y + 4*v + b = 0. Calculate the remainder when 3 is divided by y.
1
Let h(o) be the second derivative of -17*o**5/20 - o**4/12 - o**3/6 - o**2/2 - 3*o. Let d = 80 - 49. What is the remainder when d is divided by h(-1)?
15
Suppose -8*g - 5*a = -3*g - 30, -2*a = -8. Suppose -2*l - 4*j - 2 - 2 = 0, 2*j + 12 = 4*l. What is the remainder when l is divided by g?
0
Let c = -12 + 15. Calculate the remainder when 10 is divided by c.
1
Let x(v) = -v - 8. Let k be x(-8). Suppose k = 4*p + 4 + 12. Let r(h) = -h - 2. What is the remainder when 2 is divided by r(p)?
0
Suppose 3 = 4*q - 5. Suppose q*i + f = -10, -5*i + 5 = -4*f - f. Calculate the remainder when 34 is divided by 13 + (1*i)/3.
10
Let n = 11 - -7. Let h = n + -5. Let a(m) = m**2 + 3*m + 7. What is the remainder when a(-6) is divided by h?
12
Let u = -164 + 203. What is the remainder when u is divided by 8?
7
What is the remainder when 9 is divided by (6/(-12))/(2/(-24))?
3
Suppose 340 = t + 3*t. Suppose 0 = -5*a + 60 + t. What is the remainder when a is divided by 10?
9
Suppose 2*d = -13 + 83. Let q = d + -12. Calculate the remainder when q is divided by 12.
11
Let f be 0 + 32 - (-1 - -1). Suppose -2*n - f = -4*n. Let k = 24 - -7. Calculate the remainder when k is divided by n.
15
What is the remainder when 6 is divided by 3 - (-3 + 2 + 0)?
2
Let m be (-4)/2 + 1 - -1. Suppose m = -4*g - 20, -4*n + 2*n = 3*g - 73. Let a = 34 + -19. Calculate the remainder when n is divided by a.
14
Suppose 9*j = 17*j - 408. What is the remainder when j is divided by 13?
12
Let c(p) = -p**2 - 10*p - 9. Let k = 626 + -599. What is the remainder when k is divided by c(-6)?
12
Let p = -108 - -158. What is the remainder when p is divided by 17?
16
Suppose -90 = -0*j - 3*j. Calculate the remainder when 59 is divided by j.
29
Calculate the remainder when 478/8 - (-3)/(-4) is divided by 15.
14
Let l(q) = q**3 - 9*q**2 + 12*q - 10. Let n = 17 + -9. Let g be l(n). Suppose 0 = -5*x + 97 - g. Calculate the remainder when 28 is divided by x.
13
Calculate the remainder when 3/(-3*2/(-16)) is divided by 5.
3
Suppose -570 - 396 = -14*d. What is the remainder when d is divided by 24?
21
Suppose 14 + 18 = 4*m. Calculate the remainder when 37 is divided by m.
5
Let c be ((-4)/6)/(2/(-15)). Suppose -c*l + 140 = -0*l. Calculate the remainder when l is divided by 10.
8
Suppose 0*a = a - 34. Let w = 3 + -9. Calculate the remainder when a is divided by 36/4*(-8)/w.
10
Suppose 0*c + 276 = 6*c. Calculate the remainder when 181 is divided by c.
43
What is the remainder when 81 is divided by (-2 - -1)/((-1)/21)?
18
Let y = 0 - 0. Let n = y - -7. What is the remainder when n is divided by (-17)/(-7) - 3/7?
1
Calculate the remainder when -1 - -36*5/2 is divided by 7.
5
Suppose -5*j + 10*j + 15 = 0. Let b be 0 - j*(-2 + 3). What is the remainder when b/(-3)*2 + 34 is divided by 11?
10
Suppose -t = -6*t + 40. What is the remainder when 37 is divided by t?
5
Suppose 0 = 5*j + 9 + 11, -3*j + 14 = p. What is the remainder when 51 is divided by p?
25
Let p be ((-8)/(-6))/(2/6). Let n be (-6)/12 - (-18)/p. Suppose -n*a + 3*a = -10. What is the remainder when 27 is divided by a?
7
Let f be (5 - 1)/((-10)/(-185)). Suppose -26 = -4*s + f. Let k = -13 + 20. Calculate the remainder when s is divided by k.
4
Suppose f - 3*k = -0*k + 22, 2*f = -3*k + 26. Suppose 0 = -5*z + 4*l + 51 - 1, 2*l = 0. Suppose 6*r = z*r - 188. What is the remainder when r is divided by f?
15
Let g(i) = i + 3. Let p be g(0). Let l(n) = 2*n**2 - 2*n - 3. What is the remainder when 17 is divided by l(p)?
8
Let r be -1*((-2)/1 + 2). Suppose r*c = -b + 2*c - 6, b - 4*c = -2. What is the remainder when 139/5 + (-2)/b is divided by 10?
8
Let q = -7 + 25. Let f(j) = j**2 - 7*j - 1. Calculate the remainder when q is divided by f(8).
4
Suppose -v = -2*v + 3. Suppose v + 10 = n. Let f(s) = s + 10. Calculate the remainder when n is divided by f(-3).
6
Suppose 5*f - 114 = -4*n + 34, 2*n - 44 = 5*f. What is the remainder when n is divided by 17?
15
Let i(s) = -s**2 + 10*s - 12. Let p be i(8). Let x = -1 + p. What is the remainder when 24 is divided by (1